5)?
3
Let c(k) = k**2 - 2*k + 7. Give c(5).
22
Let d(g) = -g**3 - g. Give d(-2).
10
Let x(u) = -u**2 - 2*u - 11. Give x(0).
-11
Let o(s) = -72*s + 13. Give o(-3).
229
Let d(f) = 2*f + 2. What is d(1)?
4
Let s(t) = 2*t**3 - 20*t**2 + 14*t + 1. Calculate s(9).
-35
Let k(d) = 10*d + 63. Give k(-6).
3
Let r(k) = -2*k**3 + 5*k**2 - k - 3. Calculate r(3).
-15
Let j(b) = -5*b - 6. Give j(-5).
19
Let x(f) = 3*f**3 + 5*f**2 + f - 6. Give x(-3).
-45
Let y(b) = -b**2 + 6*b + 9. Determine y(10).
-31
Let f(x) = x**2 + 11*x + 10. Give f(-1).
0
Let h(u) = -6*u + 7. Give h(-5).
37
Let j(f) = -f - 20. Give j(6).
-26
Let h(l) = -2*l + 17. Give h(12).
-7
Let k(x) = -3*x + 42. Determine k(15).
-3
Let j(p) = -p**3 + 25*p**2 + 3*p - 62. Calculate j(25).
13
Let f(h) = -27*h + 16. What is f(1)?
-11
Let z(f) = -15*f + 333. Determine z(22).
3
Let s(u) = 3*u + 1. Calculate s(2).
7
Let n(r) = -3*r**3 + 5*r**2 - 2*r - 8. What is n(4)?
-128
Let t(s) = -100*s**3 + s**2 - 4*s + 2. Calculate t(1).
-101
Let d(j) = 2*j**2 - 12*j + 20. Give d(4).
4
Let q(w) = 5*w - 3. Give q(2).
7
Let m(y) = 15*y - 10. What is m(2)?
20
Let z(w) = w**3 + 6*w**2 + 8*w - 1. Give z(-4).
-1
Let i(t) = 9*t + 2. What is i(-2)?
-16
Let u(p) = -19*p**2 + p. Give u(-1).
-20
Let g(o) = -o**2 + o + 4. What is g(4)?
-8
Let y(c) = -c**3 + 14*c**2 + 5*c + 155. Calculate y(15).
5
Let l(p) = -8*p**2 + 3*p - 2. Determine l(2).
-28
Let y(h) = -8*h**3 - h**2 + 2*h - 1. What is y(1)?
-8
Let y(s) = -s**3 - 8*s**2 - 9*s + 1. Give y(-6).
-17
Let d(g) = g + 23. What is d(-12)?
11
Let w(x) = -6*x - 36. Calculate w(-18).
72
Let b(c) = c**3 + 10*c**2 + 4*c + 7. Give b(-10).
-33
Let h(k) = 9*k - 52. What is h(6)?
2
Let t(q) = -q**3 - 13*q**2 - 20*q + 16. Give t(-12).
112
Let f(y) = 16*y - 8. What is f(-4)?
-72
Let v(i) = 23*i - 348. Calculate v(15).
-3
Let j(o) = 11*o - 43. Give j(6).
23
Let t(b) = 4*b**2 - 37*b + 2. Give t(7).
-61
Let m(g) = -g**2 - 8*g - 5. What is m(-10)?
-25
Let u(n) = -16*n + 2. Determine u(1).
-14
Let k(d) = d**2 - 3*d - 4. Give k(0).
-4
Let z(x) = -x**3 + 10*x**2 + 2*x - 13. What is z(10)?
7
Let q(f) = f**3 + f**2 - 7*f + 2. Calculate q(-5).
-63
Let t(b) = -b**3 - 3*b**2 + 3*b + 4. Determine t(-5).
39
Let o(m) = -2*m**2 + 15*m - 45. What is o(4)?
-17
Let i(s) = -2*s**2 - 12*s + 12. Give i(-11).
-98
Let g(d) = 6*d - 2. Determine g(4).
22
Let u(y) = -7*y + 33. What is u(6)?
-9
Let v(n) = -n - 1. Determine v(1).
-2
Let j(u) = 5*u**3 - u**2 - 4*u + 3. Calculate j(2).
31
Let v(q) = -q**2 + 19*q - 14. Determine v(17).
20
Let u(p) = -p - 16. Give u(-10).
-6
Let a(r) = -10*r**3 + 3*r**2 - 3*r + 3. Give a(2).
-71
Let h(m) = m**2 + 17*m - 38. Give h(-20).
22
Let l(k) = 2*k - 23. Determine l(4).
-15
Let i(w) = w**2 - 9*w - 14. Calculate i(10).
-4
Let h(i) = -2*i**3 - 5*i**2 - 6. Determine h(-4).
42
Let n(s) = 18*s - 22. Calculate n(7).
104
Let l(f) = -f**2 + f + 5. What is l(4)?
-7
Let o(l) = -l**2 + 8*l - 7. Determine o(9).
-16
Let c(k) = -k**3 - 4*k**2 + 6*k + 7. Calculate c(-5).
2
Let i(l) = l**2 + 10*l - 4. Give i(-11).
7
Let o(m) = m**3 + 26*m**2 + 27*m + 53. Give o(-25).
3
Let n(x) = 3*x**3 - 2*x**2. Give n(2).
16
Let p(y) = y**2 - 7*y - 73. Give p(-6).
5
Let t(x) = -x**2 - 4*x + 11. Calculate t(-9).
-34
Let u(z) = -9*z**2 + 12*z - 7. What is u(1)?
-4
Let m(b) = 3*b - 9. Give m(-11).
-42
Let m(o) = o**2 + 5*o - 4. Determine m(-5).
-4
Let m(z) = -2*z**3 - 5*z**2 + 4*z + 6. What is m(-3)?
3
Let b(q) = 6*q - 7. Determine b(-20).
-127
Let y(s) = -s**2 - 7*s + 6. Calculate y(-5).
16
Let f(a) = -2*a**3 - 34*a**2 - 2*a + 3. Calculate f(-17).
37
Let b(h) = -17*h**3 + 3*h**2 - 3. Give b(1).
-17
Let t(f) = 4*f - 66. What is t(15)?
-6
Let r(z) = 27*z**3 - z**2 + 2*z - 2. Give r(1).
26
Let w(z) = -z**2 + 15*z. Give w(16).
-16
Let u(b) = -8*b + 26. Determine u(5).
-14
Let p(s) = -16*s + 21. What is p(2)?
-11
Let o(n) = -2*n**3 + 10*n**2 + 13*n + 4. Determine o(6).
10
Let w(x) = x**3 + 8*x**2 + 5*x - 2. Calculate w(-4).
42
Let k(q) = 2*q**3 + 11*q**2 + 5*q + 17. Give k(-5).
17
Let o(a) = a**3 - 21*a**2 + 17*a + 59. Determine o(20).
-1
Let v(c) = -c**2 + 36*c - 210. Determine v(7).
-7
Let v(x) = -3*x - 40. What is v(-10)?
-10
Let z(j) = -2*j**2 - 29*j - 29. Give z(-13).
10
Let h(b) = b**3 - 12*b**2 - 10. Calculate h(12).
-10
Let w(v) = 5*v**2 - 8*v + 8. Calculate w(4).
56
Let d(j) = -j**2 + 9*j - 25. What is d(3)?
-7
Let w(x) = 3*x + 137. What is w(-40)?
17
Let c(v) = -v**3 + 5*v**2 + v + 8. Give c(6).
-22
Let f(t) = t**3 + 10*t**2 - 11*t - 8. Determine f(-11).
-8
Let k(j) = 48*j + 331. What is k(-7)?
-5
Let s(o) = 5*o**3. Give s(-1).
-5
Let q(n) = -n**2 - n - 2. Calculate q(0).
-2
Let l(c) = -c**2 + 9*c + 9. Determine l(9).
9
Let f(w) = -w**2 - 6*w - 7. Calculate f(-9).
-34
Let l(h) = 2*h**2 - 5*h - 41. Give l(6).
1
Let k(p) = -p**2 - 21*p + 3. Calculate k(-21).
3
Let n(k) = -9*k + 37. Determine n(-10).
127
Let q(z) = -z**3 - 2*z - 8. Determine q(0).
-8
Let j(y) = y**3 - 18*y**2 + 42*y + 2. Calculate j(3).
-7
Let d(l) = l**3 - 7*l**2 + 6*l + 7. What is d(6)?
7
Let n(d) = -3*d**2 + 17*d - 5. What is n(5)?
5
Let z(o) = o**3 + 9*o**2 + 4*o - 2. Determine z(-8).
30
Let y(q) = 3*q**2 - 7*q. What is y(3)?
6
Let i(n) = -n**2 - 46*n - 41. Calculate i(-45).
4
Let f(d) = 7*d - 28. Determine f(11).
49
Let d(g) = -g**3 + 2*g**2 - 3*g + 1. Give d(3).
-17
Let g(a) = a**3 - 9*a**2 + 8*a - 4. Give g(8).
-4
Let k(b) = -75*b + 155. Calculate k(2).
5
Let q(g) = 4*g + 9. Calculate q(-5).
-11
Let j(g) = -2*g**2 + g. Give j(-3).
-21
Let k(u) = 2*u**2 - 6*u - 6. Give k(4).
2
Let v(j) = j**3 - 6*j**2 + 2*j + 2. What is v(4)?
-22
Let b(u) = -54*u**3 - u**2 + u + 1. Calculate b(-1).
53
Let d(w) = -6*w + 3. Determine d(-5).
33
Let l(y) = y**3 - 6*y**2 - 4*y - 1. Give l(7).
20
Let r(g) = g**2 + 27*g - 93. Give r(-30).
-3
Let b(c) = -c**3 + 7*c**2 + 6*c - 5. What is b(4)?
67
Let k(i) = -i**3 - 2*i**2 - i - 4. What is k(-3)?
8
Let s(u) = -u**2 - 7*u. What is s(-8)?
-8
Let y(g) = 15*g**2 + 2*g. Determine y(1).
17
Let l(n) = -2*n**3 - 22*n**2 + 26*n + 29. Give l(-12).
5
Let f(b) = b**2 + 10*b - 14. Determine f(-13).
25
Let y(t) = 10*t + 1. Calculate y(-1).
-9
Let q(u) = -u + 33. Give q(37).
-4
Let c(w) = -4*w + 2. Give c(3).
-10
Let b(u) = u**3 - 17*u**2 + 4. Give b(17).
4
Let y(d) = d**3 - 8*d**2 - 8*d + 4. Determine y(9).
13
Let v(n) = 17*n - 21. Calculate v(2).
13
Let m(q) = -4*q - 3. What is m(-6)?
21
Let w(r) = 2*r - 28. Determine w(-14).
-56
Let a(v) = -3*v - 39. Calculate a(-18).
15
Let d(m) = -m**2 + 32*m - 73. Give d(29).
14
Let a(i) = -i**3 + 7*i**2 + 9*i - 3. Calculate a(7).
60
Let z(u) = u**3 + u**2 - 40. Determine z(0).
-40
Let n(j) = 2*j**3 + j**2 + 7*j - 8. Calculate n(4).
164
Let i(h) = -5*h**2 - 224*h + 50. What is i(-45)?
5
Let z(j) = j**3 - 9*j**2 - 14*j + 32. Calculate z(10).
-8
Let z(s) = -s**2 - 55*s + 1225. What is z(-72)?
1
Let l(r) = -r**2 - 19*r - 68. Determine l(-18).
-50
Let z(t) = 8*t**3 - 2*t**2 - t. What is z(-1)?
-9
Let h(m) = -m**2 + 7*m + 26. Calculate h(13).
-52
Let d(z) = -9*z - 249. Calculate d(-28).
3
Let l(w) = w**3 - w**2 - 17*w - 11. Determine l(6).
67
Let p(x) = -x + 8. What is p(6)?
2
Let n(t) = -t**3 - 8*t**2 + 2*t + 16. Determine n(-8).
0
Let w(b) = b**2 + 9*b + 8. Determine w(-7).
-6
Let o(s) = -10*s**2 - s - 1. Give o(-1).
-10
Let p(s) = 17*s + 139. Give p(-8).
3
Let n(d) = 2*d + 6. What is n(-6)?
-6
Let v(q) = -q**3 - 6*q**2 - 5*q + 1. Calculate v(-5).
1
Let h(j) = -j**3 - 18*j**2 + 17*j - 41. Determine h(-19).
-3
Let d(q) = 2*q + 33. What is d(-12)?
9
Let j(s) = 17*s**2 - 219*s - 23. Calculate j(13).
3
Let m(j) = -j**2 - 4. What is m(-4)?
-20
Let u(j) = -j**2 + 6*j - 12. What is u(5)?
-7
Let n(t) = -t**3 - 3*t**2 - t + 2. Determine n(-3).
5
Let r(h) = 6*h + 61. Calculate r(5).
91
Let q(c) = 2*c + 3. What is q(-8)?
-13
Let g(o) = 4*o**2 + 8*o - 2. Give g(-2).
-2
Let k(i) = i + 12. What is k(-9)?
3
Let g(c) = c**2 + 10*c - 4. Give g(-7).
-25
Let p(v) = v**2 - 10*v + 12. Calculate p(8).
-4
Let n(x) = -x**3 - 6*x**2 - 3*x + 4. Determine n(-6).
22
Let i(f) = -f**2 + 15*f - 3. Calculate i(15).
-3
Let y(m) = m**3 + 6*m**2 + 5*m + 14. Determine y(-4).
26
Let p(x) = x**2 - 33*x + 36. Determine p(32).
4
Let x(i) = -i**2 + 11*i - 20. What is x(8)?
4
Let u(g) = -g**2 + 3*g - 5. Determine u(3).
-5
Let t(f) = f